0
What is (-4467 - -4357) + (-1 - -176)?
65
What is 2 + (3 - 3) - 4 - (-189 - -163)?
24
Evaluate 2 - 2 - 5 - (144 + 128 + -239).
-38
What is -3 + (1 - -129) + (-7833 - -7823)?
117
Evaluate -32 + -144 + 200 + -32 + 1 - (1 + 0).
-8
Evaluate 47 - -78 - 123 - -2.
4
What is the value of -37 + (21 - -35) - 29 - -48?
38
-31 - ((10 - 21) + -11)
-9
Calculate (300 - 295) + 8 + (-4 - -13).
22
Calculate -3 - (52 + -75 - (-1 + -22)).
-3
-325 + 485 + -6 + (2 - -2 - 2)
156
What is the value of -5 - 4 - (-31 + 26 + (1 - 4))?
-1
What is 55 + 1 - (-47 - (21 + -77))?
47
Evaluate (66 - (197 - 116)) + 116.
101
Calculate (7 - 1) + 1 - (10 + 50 + (-12 - -4)).
-45
Evaluate (-4 + 6 - 6) + 2 + -6 - (-17 - -12).
-3
Calculate 6 - ((-29 - (24 - 42)) + 53 + -1).
-35
What is the value of 99 + (-14 - (9 - 36)) + (1 - -6)?
119
(-109 - 19 - -103) + (1 - -62)
38
What is the value of 93 + 145 + -270 + -33?
-65
What is -780 + 774 - (-30 - 1)?
25
Evaluate 109 - (42 + 80) - (2 + (1 - -14)).
-30
What is -355 + 364 - (1 + 20) - 60?
-72
What is the value of -1 + -4 + -34 + 25 + 31 + -53 - 6?
-42
What is -33 + (-28 - (-4 + -21 + -85))?
49
-2110 + 2125 - (4 - (1 + -7 + 4))
9
Evaluate 4 - (13 + -15) - 13 - (-3 + 4).
-8
What is the value of -2 + -6 + -57 + 12 + 6 - 0?
-47
What is the value of 44 + (1 - 2) + (273 - -248) + -504?
60
Calculate (-13 - -11 - -8) + -365 + 262.
-97
Calculate -70 + 42 + (10 - -41).
23
Calculate -2562 + 2481 - (-45 + 1).
-37
-38 - -2 - (16776 - 16726)
-86
What is the value of -19 - (-241 - -224 - (-1 - 21))?
-24
Evaluate 141 - (258 + -61 + 32).
-88
Evaluate -15 + 2 - (-86 + 203 + -107).
-23
What is (1 - -6) + 4 + -30 + (-52 - -81)?
10
Calculate 0 - (-6 + 42) - (0 - (4 - 1)).
-33
-4 - -94 - (-21 + 35 - -6 - 15)
85
What is -6 + 0 - (-114 + 114 + 41 + (5 - 3))?
-49
Evaluate 20 + -11 + 24 - 16.
17
16 - 0 - -1 - (25 + -85 - -130)
-53
What is 26 - ((38 - 27) + 40)?
-25
6 + -5 + 11 + 106 - (-11 + 11 + -5)
123
43 + (2608 - 2601 - (1 + -1 + 9)) - 8
33
(3203 - 3230) + 2 + 9 + -2
-18
65 + (11 + 43 - 28) - 34
57
Evaluate -350 + 373 - (13 - -1).
9
What is -7 + 37 + 8 + -8 + (15 - 3)?
42
Calculate -161 + 249 + -108 + -60.
-80
What is the value of -22 - (-35 - -25) - 122?
-134
What is -29 + (-14 - (33 + -11)) - 7?
-72
What is 9 + -4 - 69 - (11 + -3 - -7)?
-79
What is 47 - ((49 - 27) + 82)?
-57
What is the value of (22 - -1) + 9 + (-10 - -12) + 13?
47
Calculate -4 - ((4 - 12 - -20) + 35 + -24).
-27
-131 + (-3 - 15 - (-106 + 69))
-112
Calculate -89 - (-81 + -35) - (-2 + -24).
53
-141 + 8 - (68 + -205)
4
What is 9 + -7 + 184 + -191?
-5
3943 + -3877 + 3 + -1
68
Evaluate (-3 - (-23 - 7)) + (-39 - -27) + 55.
70
(169 - 163) + (-1 - 29) - (-1 - 78)
55
What is (2 - 6) + 61 + (-8 - ((-16 - -8) + -14))?
71
Calculate -44 + -6 + 107 + -99.
-42
What is 2 + -3 + 2 + -100 + (-197 - (-325 + 116))?
-87
What is the value of 10 - (80 + -64 - (-12 + 8 + -10))?
-20
Calculate 74 + -49 - (-53 + 0 + 12 + -15).
81
-42 + -25 + 542 + -506
-31
Calculate 114 + -80 + 6 + -24 + -24.
-8
3 + -13 - (-6 + -49 - (-10 - -30))
65
What is the value of 51 + 1 + (18 - (13 - 15 - -38))?
34
What is 1 + -14 + (89 - (-25 + 22 + -27 - -10))?
96
What is 7 - 0 - (-14 + -146 + 146)?
21
23 + -3 + (1 + -9 - (2 + -13))
23
What is the value of -21 - (-84 + 39 - -34)?
-10
Calculate 135 - 266 - (-3 - 6) - -32.
-90
Calculate (-10 - -29) + 1 + -1 + -76.
-57
What is the value of (-76 - -37) + 15 + -35?
-59
What is -78 + 39 + 8 + (67 - 88)?
-52
What is 2 + -5 + (-22 - -41) + 21?
37
What is the value of 36 - 36 - (4 + (5 - 0) - 2 - -2)?
-9
Calculate -29 + -15 - (-131 - -127 - (5 - -1)).
-34
Evaluate (-14 - 50) + -8 + 65.
-7
What is 34 - 95 - -49 - (-16 + -2 + 0)?
6
Calculate 6 - ((-4 - 0) + (-191 - -203) + -2) - 82.
-82
What is the value of (-6 - (-2 + -11 + 14)) + 0 + 109 + -2?
100
Calculate (2 - (-5 - (-3 - 2) - -10)) + 3.
-5
14 + (14 - 38 - 4) + -2 + -12
-28
Calculate 98 - (36 - 58 - -107).
13
Calculate (-3 - -8) + (-3 - -11).
13
What is 12 + -70 + -207 + 260?
-5
(50 + 5 - 3) + 14 + (-16 - -4)
54
What is the value of (-5 - 38) + (-64 - -102) + 119?
114
16 - (-3 - (12 - 30)) - (-7 + 1)
7
What is -82 - -144 - (12 - 10 - -12)?
48
Evaluate (32 - (19 + -12)) + -11 - 26.
-12
What is 130 - (-40 + 1 + 13) - (2 + 12 + 1)?
141
What is 127 - (98 + (-152 - -95))?
86
Evaluate -46 - (5 - 1) - ((-31 - -14) + 11).
-44
Calculate (-25 - -95) + -7 + -78.
-15
0 + -31 + 50 + 3 - 50
-28
Calculate -36 + 193 + -182 + (2 - -1) + -17.
-39
44 + -64 + 2 - (2 - 33)
13
(73 - (21 + 20)) + -37
-5
What is the value of 2 - 55 - (-113 - -114 - 24)?
-30
Evaluate 22 + (48 - (3 + (8 - -10))).
49
What is 5 + 1 + 17 + (57 - 46)?
34
-123 + (33 - -52) + 139
101
Calculate 0 + 39 - (-222 + 25 + 175).
61
Evaluate (-10 - 2) + -28 + (21 - 30) + 24.
-25
What is -4008 + 3976 - (-1 + -39)?
8
Calculate 29 - (-37 + 46 - -29).
-9
Calculate 2 - (-5 + 2 + (36 - 10) + -36).
15
(-4 - -27) + (-242 - -187)
-32
Calculate 17 - (-7 - (17 + -92 + 9)).
-42
What is (-27 - (5 + -38)) + 16?
22
Evaluate 14 + 32 - (-11 - (-12 - 1)) - 12.
32
Evaluate (63 - ((-18 - -41) + -25)) + -14.
51
What is -73 - -16 - (-200 + 163)?
-20
934 + -898 + (8 - 2)
42
What is (-3 - 6) + (31 - (16 + 34))?
-28
What is the value of 38 + -2 + 104 + (56 - 178)?
18
What is the value of -4737 - -4646 - (-16 + -1)?
-74
Calculate 6 + 1 + 3 + -17 + -33 + 1.
-39
Calculate (4 - ((19 - 30) + 16)) + 77.
76
-47 - (86 + 8 - 75)
-66
Calculate (-6981 - -6970) + (-82 - (0 + 1 + -2)).
-92
What is 9 + 43 - (27 + -21)?
46
What is -10 + -129 - (-124 + 6)?
-21
Calculate -12 + 0 + 2 - (69 + (-33 - 3)).
-43
Calculate 21 + (-10 - ((19 - (20 - 8)) + -4)).
8
What is (-1 - 5) + 4 - -2 - 44?
-44
What is the value of (2 - -2 - -26) + 3 + -34 + 23?
22
(64 - (43 - (13 + -19))) + -1 + 5
19
What is (253 - 313) + 26 + -55?
-89
Calculate (-104 - -29) + 27 + 81.
33
Evaluate 29 - (14 - (21 + (-8 - 61))).
-33
Calculate 51 + 22 + (-27 - 53) + -2 + 1 + -99.
-107
-2 + (117 - 228) + -3 + 1 + (1 - -2)
-112
19096 + -19254 - (-1 - 62)
-95
Calculate -34 + 25 + 18 - (-4 + 3 + 39).
-29
What is -2 - -5 - (-30 - (9 + (-45 - 26)))?
-29
Calculate -99 + (-37 - 70) + 186.
-20
Calculate (64 - -2 - 64) + 61.
63
Evaluate -65 - (-28 - (18 - -5)).
-14
What is -8 - (-11 - 13) - 52 - -2?
-34
Evaluate (7 + 13 - (379 - 358)) + 1 + -1 + -30.
-31
Calculate (1 - (13 - -39) - -3) + 6.
-42
9 + (-14 - (4 + -36)) + -12 + 9
24
Evaluate 2 - (67 + -33) - -60 - -5.
33
Evaluate -30 + (0 - 1) - (45 + -36 + 2).
-42
58 + -38 + (-90 - -121)
51
5 + 39 + 55 + -129
-30
What is the value of (-16 - -13 - -5) + -1 + (5 - 4) + -7?
-5
-211 + 210 + (10 - 82)
-73
Evaluate -27 - (-101 + 66) - (42 - -2).
-36
Evaluate (-9 - -2) + -2 - (69 - 27 - 43).
-8
65 + -61 - (0 + -12 + -13)
29
What is 0 + 127 - (-89 + (105 - 12) - (-9 + -1))?
113
What is the value of (-154 - -141 - -56) + -3 + 13?
53
25 - (41 + -18 + 29)
-27
What is -24 + 102 + 20 - (7 - (-4 + (0 - -2)))?
89
(-24 - -17) + 8 + 4 + -12 + 3 + 30
26
Evaluate 68 + (70 - 70) + -67.
1
What is the value of -34 + (14 + 9 - 5) - -26?
10
What is the value of 16 - (70 + 1) - 0?
-55
(14 - (11 + -1)) + (-13 - (-23 + 17))
-3
Calculate -5 + ((40 - 42) + (-6 - 2) + 7 - -18).
10
Calculate (-6 + 16 + -12 - (2 - 5 - -12)) + 4.
-7
Calculate 35 - (-182 - -182 - (2 - -16)).
53
What is the value of 124 + (-12 - -3) + (1154 + -1127 - (12 - -1))?
129
(-2 - -13) + (6 - (9 + -11 - -16) - 67)
-64
What is -7 + 2 + (380 - 396)?
-21
What is the value of -1 - 0 - (-37 - (-34 - -20))?
22
17 - -19 - 23 - (8 + -1 + (0 - -2))
4
Calculate 0 + -4 + 8 + -1 + (15 - 50).
-32
Calculate 4 + 27 + 6 + 5 - (-6 + 5 - -9).
34
What is the value of -17 + 15 + 1 + -55?
-56
What is the value of -118 + (139 - -111) + -54?
78
What is 119 - 14 - (6 - -54)?
45
68 - ((-13 + (9 - -10) - -7) + 6)
49
Calculate (1 + (-7 + -2 - 6) - -7) + (177 - 101).
69
Calculate (157 - 91) + -59 + -26 + -1.
-20
What is -2 + -1 - -1 - (67 + -45 + 33 + -23)?
-34
Calculate 128 + 0 + -1 - (-5233 + 5265 - (1 + 21)).
117
Evaluate 37 - (43 - (14 - -4)) - (-1 + 64).
-51
What is -8 + -3 - (-8 + (7 - -25))?
-35
Calculate -1 + -48 - (9 + 13 + -45 + 44).
-70
Evaluate (27 - 36) + (-16 - (26 - 46)).
-5
Evaluate 96 - (2 + -7 + (31 - (-60 + 80))).
90
(-28 + 18 - -21) + (-9 - (4 + -9 - 5))
12
-60 - (29 - -27 - 114)
-2
What is -2 + -2 + 4 - (14 + 8)?
